t is the remainder when j is divided by 37?
24
Let w(l) = -12 - 12*l + l**3 + 9*l**2 - 4 - 1. Let n be w(-10). Suppose n*k + 10 - 25 = 0. What is the remainder when 10 is divided by k?
0
Let g = 9 + 9. Let l = g - -52. What is the remainder when l is divided by 12?
10
Let p(o) = 3*o**3 + 2*o**2 + o. Let k be (2/(-6))/(8/24). Let h be p(k). Calculate the remainder when (h + 0)*(-14)/4 is divided by 3.
1
Let s = -79 + 139. Suppose -4*t + s = t. Suppose -2*n + 60 = 5*q, 4*q = -4*n + 148 - 16. Calculate the remainder when n is divided by t.
11
Suppose -5*p = -3*p - 3*y - 10, 4*y = 16. Suppose -5*t + 2*z + 14 + 9 = 0, 0 = 4*z - 4. What is the remainder when p is divided by t?
1
Let d(z) = z**2 + 14*z - 64. What is the remainder when 108 is divided by d(-20)?
52
Suppose -4*c + 10 + 10 = 0. Suppose 130 = c*h - i + 6*i, 2*h = 3*i + 52. Calculate the remainder when h is divided by 14.
12
Suppose 3*u - 15*b + 10*b = 75, 0 = -u + 5*b + 25. Calculate the remainder when 349 is divided by u.
24
Let p(y) = 234*y**2 + 11*y + 3. What is the remainder when p(-1) is divided by 46?
42
Let n(l) = -l**2 + 21*l - 38. What is the remainder when 36 is divided by n(18)?
4
Suppose 46 + 42 = 4*a. Let y be (18 - 2)*2 - -4. Let n = y - a. What is the remainder when n is divided by 8?
6
Let v(q) = 5*q - 21. Let z be (4 - 57/9)*-3. Suppose 8 = z*b - 5*b. Calculate the remainder when v(7) is divided by b.
2
Suppose -c + 6*p + 30 = 9*p, 3*c - 5*p = 118. Calculate the remainder when 70 is divided by c.
34
Let n(m) = 2*m**3 - 9*m**2 + 9*m + 4. Let s be 3/2*404/6. Suppose s = 5*c - 2*x, 5*c + x + 32 - 124 = 0. What is the remainder when n(5) is divided by c?
17
Let u = 9 + -5. Suppose 3*y - 44 = -u*j - y, -4*y + 36 = 3*j. What is the remainder when 23 is divided by j?
7
Suppose -16*l + 290 = -6*l. Suppose -l = -4*w - 5*h, -5*w = -2*w - h - 17. Calculate the remainder when 22 is divided by w.
4
Let l(b) = -12 - 43*b**2 + 40*b**2 - 3*b**3 + 6*b + 4*b**3. Calculate the remainder when 25 is divided by l(3).
1
What is the remainder when 1275/21 - (-1 - (-25)/35) is divided by 22?
17
Let a(s) = 7*s**3 - 2*s + 1. Let h(x) = -x**2 + 474*x - 6867. What is the remainder when h(15) is divided by a(1)?
0
Suppose 5*b - 3 = 3*d, -2*b + 5*d + 8 - 22 = 0. Let c(j) = j**2 + j - 1. What is the remainder when b is divided by c(-2)?
0
Let x = 32 - 32. Suppose 5*z + 6*z - 297 = x. Calculate the remainder when z is divided by 15.
12
Let b be 1/2*(-20 - -8). Let s(i) = i**3 + 9*i**2 - 4*i. Calculate the remainder when s(b) is divided by 19.
18
Suppose -7*l + 4*l = -21. Suppose 3 = -2*j + l. Let n = 8 - j. Calculate the remainder when 10 is divided by n.
4
Suppose 0 = 5*j - 4*b + 3, -4*j + 4*b = -1 + 5. Suppose -1290 = 89*c - 132*c. What is the remainder when (2/3)/(j/87) is divided by c?
28
Calculate the remainder when (12/(-1) - 0)*-4 is divided by (150/12 + 0)*2.
23
Suppose 4*q - 28 = -3*s + 4*s, -q = -4*s - 22. What is the remainder when 285 is divided by q?
3
Let p be (-2)/11 + 7664/44. What is the remainder when -58*(-2)/4 + -1 is divided by 2/5 + (-2 - p/(-15))?
8
Suppose 0 = -2*c - 148 + 338. Calculate the remainder when c is divided by 20.
15
Let p = 749 - -616. Calculate the remainder when p is divided by 18.
15
Suppose -1 = -43*m + 44*m. Let v = 5 - m. Let b = -20 - -55. What is the remainder when b is divided by v?
5
Let g(y) = -2*y**2 - 14*y - 26. Let d be g(-5). Let w(x) = -3*x**2 - 25*x + 13. What is the remainder when 105 is divided by w(d)?
50
Let w = 103 - 57. What is the remainder when 320 is divided by w?
44
Let c(m) = 2*m**2 - 40*m + 54. Calculate the remainder when c(22) is divided by 21.
16
Suppose -5*i + 34 + 26 = -m, 0 = -2*i + 4*m + 6. Calculate the remainder when 323 is divided by i.
11
Let u(n) = n**3 + 6*n**2 + 5*n + 7. Let t be u(-5). Suppose -5*v - 112 = -t*v. What is the remainder when v is divided by 15?
11
Let y be 1/3*(-63)/(-3). Let b = 13 - y. What is the remainder when 22 is divided by 76/b - 4/6?
10
Let b(c) = -3*c - 1. Let o be b(-5). Let q = 18 - o. Let t = 8 - 4. What is the remainder when t is divided by q?
0
What is the remainder when 234 is divided by (-15)/((-45)/27 + (-6)/(-9))?
9
Let a = -85 - -36. Let b = a - -61. Let u = -8 - -13. What is the remainder when b is divided by u?
2
Let k(j) = 2*j + 41. Let p = 3 + 2. Suppose -3*d + 41 = 3*f - 139, -p*d - 10 = 0. What is the remainder when f is divided by k(-16)?
8
Calculate the remainder when 28 is divided by ((-11 - -1) + 2)*973/(-556).
0
Suppose 6*j - 2*j - 188 = 0. Suppose -2*o + j + 157 = 0. What is the remainder when o is divided by 21?
18
Calculate the remainder when 52/494 - 2126/(-19) is divided by 15.
7
Let y(l) = 6*l - 26*l**2 + 15*l**2 - 6 + 16*l**2 + 2*l. Suppose 0 = -5*h + 2*h + 3*x + 51, -115 = -5*h - x. What is the remainder when y(-4) is divided by h?
20
Let b(n) = -2*n + 1. Suppose 4*v = -3*c + 12, c = 5*v - v + 4. Calculate the remainder when b(-5) is divided by c.
3
Let p = -114 + 175. Let z = -5 + 10. Suppose -3*d + p = -z. Calculate the remainder when d is divided by 5.
2
Let g = 1241 - 1027. What is the remainder when g is divided by 24?
22
What is the remainder when 425 is divided by 115/3 - (-12)/18?
35
Let j(k) = -9*k + 21*k + 13*k. Calculate the remainder when j(1) is divided by 9.
7
Let p(h) = h**3 + 8*h**2 - 6*h - 6. Let a = 16 + -31. Let d = 30 + a. Calculate the remainder when p(-8) is divided by d.
12
Let p(u) = 3*u**2 + 2*u - 4. What is the remainder when p(3) is divided by 3?
2
Let y = 12 - 7. Let a = 223 + -87. Suppose 3*c - a = -5*c. Calculate the remainder when c is divided by y.
2
Suppose -2*z - 5*x - 8 = z, 5*x = 3*z - 32. Suppose -252 = -5*b - z*b. What is the remainder when 83 is divided by b?
27
Let s(l) = l**2 - 23*l - 119. What is the remainder when 774 is divided by s(28)?
18
Suppose -269 = -5*h + 3*w, -3*w + 87 = -h + 136. What is the remainder when h is divided by ((-3)/(-6))/((-2)/(-116))?
26
Suppose -5*a = 2*r - 10*a + 127, -2*r - 4*a - 136 = 0. Let d = -23 - r. Calculate the remainder when d is divided by 22.
21
Suppose -203*m = -195*m - 816. Calculate the remainder when 601 is divided by m.
91
Let r(b) = 3*b**2 - 3*b. Let a be r(1). Let o = 12 + a. What is the remainder when 4/14 + 152/7 is divided by o?
10
Suppose -114 = -2*y - 3*t, 4*y + 4*t - t = 234. Suppose 4*m = -0*m + y. Calculate the remainder when (-267)/(-9) - 10/m is divided by 10.
9
Calculate the remainder when -4 + (-42)/(-10) + 22670/25 is divided by 9.
7
Suppose 13*r - 1090 = -11. Calculate the remainder when r is divided by 51.
32
Let w = -1598 + 1606. Calculate the remainder when 302 is divided by w.
6
Let v be (-6)/(0 - (-1)/(-1)). Suppose -v*o = -11*o. Let h(x) = x**3 + x**2 + 2*x + 23. What is the remainder when h(o) is divided by 6?
5
Let w be 2/(-15)*-3*360. Suppose -3*h - 27 + w = 0. What is the remainder when h is divided by 10?
9
Suppose -3*v + 4*w + 94 = 0, 36*w - 40 = -2*v + 33*w. What is the remainder when 28 is divided by v?
2
Let k be 3/2*(-456)/(-6). Let p = -48 + k. What is the remainder when p is divided by 17?
15
Suppose 4*m = 3*q + 647 + 120, 4*m + 4*q = 788. Let r = -1461 + 1510. Calculate the remainder when m is divided by r.
47
Suppose -2*n = 3*r - 137, 5*r - 3*r + 5*n = 106. Suppose -d = -4*y + 36, -y + 0*y - 2*d + 9 = 0. Calculate the remainder when r is divided by y.
7
Let s(f) = f**3 - 5*f**2 - 6*f + 8. Let x be ((-12)/(-10))/((-2)/(-10)). Let a be s(x). Suppose v - 20 - a = 0. What is the remainder when 83 is divided by v?
27
Let m be 2/(-7) - 128/(-56). Suppose -7*w = -3*w - 16. Calculate the remainder when w is divided by ((-3)/m)/((-7)/14).
1
Let b(k) = 33*k - 817. What is the remainder when b(64) is divided by 81?
80
Let g = 1 - -25. Suppose l = -4*l + 355. Let i = 6 + l. What is the remainder when i is divided by g?
25
Suppose 2*b = 0, -2*b + 444 = 4*a - 4*b. What is the remainder when a is divided by ((-58)/(-4))/(26 + 714/(-28))?
24
Suppose -3*k = 4*p + 285, -k - 2*k + 240 = -3*p. What is the remainder when 13 is divided by -1 + p/(-10) + (-2)/(-4)?
6
Let z = -15543 + 15579. Let q = -13 - -26. Calculate the remainder when z is divided by q.
10
Suppose -15*n + 90 = -6*n. Let u(r) = -19*r. What is the remainder when u(-2) is divided by n?
8
Let t(r) = -r**2